ed by 98657?
46
Calculate the remainder when 1223732 is divided by 4800.
4532
Calculate the remainder when 406396 is divided by 202987.
422
Calculate the remainder when 261940 is divided by 1.
0
What is the remainder when 837243622 is divided by 125?
122
Calculate the remainder when 416322 is divided by 395.
387
What is the remainder when 76543600 is divided by 193?
186
What is the remainder when 92328 is divided by 91578?
750
Calculate the remainder when 364782039 is divided by 7322.
7321
What is the remainder when 1044730915 is divided by 1106?
1103
What is the remainder when 495029 is divided by 9216?
6581
What is the remainder when 623088 is divided by 139?
90
What is the remainder when 4003695 is divided by 33?
3
Calculate the remainder when 219940 is divided by 4790.
4390
What is the remainder when 3344629 is divided by 1114871?
16
Calculate the remainder when 2822976 is divided by 1411480.
16
Calculate the remainder when 5778296 is divided by 1358.
6
What is the remainder when 36624363 is divided by 7170?
3
What is the remainder when 485946 is divided by 2200?
1946
Calculate the remainder when 571494 is divided by 571480.
14
Calculate the remainder when 31365 is divided by 3481.
36
What is the remainder when 23898 is divided by 11937?
24
What is the remainder when 8431103 is divided by 2545?
2063
Calculate the remainder when 2108284 is divided by 1142.
152
Calculate the remainder when 8387215 is divided by 4357.
4347
Calculate the remainder when 14798638 is divided by 133.
127
Calculate the remainder when 122051891 is divided by 19.
14
What is the remainder when 16821583 is divided by 274?
175
What is the remainder when 27604 is divided by 5294?
1134
Calculate the remainder when 126191 is divided by 9707.
0
What is the remainder when 215955 is divided by 30462?
2721
What is the remainder when 5418605 is divided by 54?
29
Calculate the remainder when 329242 is divided by 164492.
258
What is the remainder when 86963539 is divided by 32?
19
What is the remainder when 150517 is divided by 203?
94
Calculate the remainder when 14917821 is divided by 3520.
61
What is the remainder when 5426 is divided by 1218?
554
Calculate the remainder when 19891139 is divided by 66.
59
What is the remainder when 22899 is divided by 11091?
717
Calculate the remainder when 74003592 is divided by 1686.
1680
Calculate the remainder when 979293 is divided by 621.
597
Calculate the remainder when 5122236 is divided by 31815.
21
What is the remainder when 998560 is divided by 8248?
552
What is the remainder when 190299 is divided by 3064?
331
What is the remainder when 7503893 is divided by 8460?
8333
Calculate the remainder when 891069 is divided by 69.
3
Calculate the remainder when 7505 is divided by 3437.
631
Calculate the remainder when 149632948 is divided by 2977.
2974
Calculate the remainder when 62382 is divided by 8646.
1860
Calculate the remainder when 4640809 is divided by 1546909.
82
What is the remainder when 172819 is divided by 20907?
5563
What is the remainder when 331426 is divided by 15041?
524
What is the remainder when 1130654 is divided by 373292?
10778
What is the remainder when 46905 is divided by 1418?
111
What is the remainder when 1115517 is divided by 278876?
13
Calculate the remainder when 124503234 is divided by 26.
24
What is the remainder when 417153 is divided by 59589?
30
Calculate the remainder when 1736786 is divided by 3727.
4
What is the remainder when 599050 is divided by 10?
0
What is the remainder when 47244 is divided by 46778?
466
Calculate the remainder when 9722292 is divided by 11988.
24
Calculate the remainder when 177471 is divided by 5223.
5112
What is the remainder when 317489 is divided by 119?
116
Calculate the remainder when 3240619730 is divided by 29.
27
What is the remainder when 6479273 is divided by 43485?
8
What is the remainder when 238431 is divided by 456?
399
What is the remainder when 47227 is divided by 5740?
1307
Calculate the remainder when 380962 is divided by 7778.
7618
What is the remainder when 1285827 is divided by 355?
17
Calculate the remainder when 1642913 is divided by 241.
16
What is the remainder when 77091567 is divided by 2753270?
7
What is the remainder when 19095753 is divided by 323656?
49
What is the remainder when 380376 is divided by 9749?
165
What is the remainder when 315486276 is divided by 57?
54
Calculate the remainder when 700311 is divided by 91.
66
Calculate the remainder when 105476 is divided by 11468.
2264
What is the remainder when 121353796 is divided by 53959?
5
Calculate the remainder when 54328 is divided by 17402.
2122
What is the remainder when 29831 is divided by 5719?
1236
What is the remainder when 1917544 is divided by 1756?
1748
Calculate the remainder when 82852 is divided by 11835.
7
What is the remainder when 122338 is divided by 2674?
2008
What is the remainder when 63793182 is divided by 1456?
1454
What is the remainder when 1602381 is divided by 80?
61
What is the remainder when 260057 is divided by 86561?
374
What is the remainder when 1586870 is divided by 6223?
5
What is the remainder when 56985 is divided by 5999?
2994
Calculate the remainder when 230390 is divided by 876.
2
What is the remainder when 528176 is divided by 291?
11
Calculate the remainder when 10589427 is divided by 14.
9
Calculate the remainder when 15792 is divided by 2598.
204
What is the remainder when 14817 is divided by 7345?
127
Calculate the remainder when 44328081 is divided by 178.
29
Calculate the remainder when 16205 is divided by 15821.
384
Calculate the remainder when 127387 is divided by 62308.
2771
Calculate the remainder when 41729824 is divided by 138.
4
Calculate the remainder when 151082 is divided by 96.
74
What is the remainder when 978866197 is divided by 460?
457
What is the remainder when 267040 is divided by 22150?
1240
Calculate the remainder when 1673390 is divided by 63.
47
Calculate the remainder when 115749 is divided by 48.
21
What is the remainder when 106565649 is divided by 2267354?
11
Calculate the remainder when 534750 is divided by 533914.
836
Calculate the remainder when 233459 is divided by 233153.
306
What is the remainder when 203893230 is divided by 1870580?
10
Calculate the remainder when 9589804 is divided by 1990.
1984
Calculate the remainder when 8897943 is divided by 1095.
1068
Calculate the remainder when 1434197 is divided by 57367.
22
Calculate the remainder when 64323 is divided by 1460.
83
Calculate the remainder when 596748 is divided by 4293.
21
Calculate the remainder when 738957 is divided by 240.
237
What is the remainder when 43847 is divided by 18?
17
What is the remainder when 63180 is divided by 412?
144
What is the remainder when 3864690 is divided by 9784?
10
Calculate the remainder when 974148 is divided by 7786.
898
What is the remainder when 30733 is divided by 29894?
839
Calculate the remainder when 229048 is divided by 376.
64
What is the remainder when 3024157 is divided by 3349?
10
What is the remainder when 20202353 is divided by 374?
369
Calculate the remainder when 7494025 is divided by 30.
25
Calculate the remainder when 41230540 is divided by 71.
59
Calculate the remainder when 636551 is divided by 206.
11
What is the remainder when 19576907 is divided by 64?
11
Calculate the remainder when 299625315 is divided by 84.
3
What is the remainder when 208193 is divided by 4953?
167
Calculate the remainder when 558615164 is divided by 11.
8
What is the remainder when 39193 is divided by 12453?
1834
What is the remainder when 10790162 is divided by 6110?
6012
Calculate the remainder when 2880231 is divided by 411.
354
Calculate the remainder when 187371 is divided by 93646.
79
What is the remainder when 1480491 is divided by 976?
875
What is the remainder when 2046897 is divided by 44?
17
What is the remainder when 77165741 is divided by 219?
215
Calculate the remainder when 7608696 is divided by 951086.
8
What is the remainder when 799101 is divided by 957?
6
Calculate the remainder when 3169285 is divided by 357.
196
Calculate the remainder when 16899243 is divided by 127.
115
What is the remainder when 3186876 is divided by 23261?
119
What is the remainder when 88742 is divided by 3087?
2306
What is the rem